{"id":18,"date":"2024-09-03T14:37:45","date_gmt":"2024-09-03T14:37:45","guid":{"rendered":"https:\/\/kairossocialmedia.es\/?page_id=18"},"modified":"2025-03-21T20:12:46","modified_gmt":"2025-03-21T20:12:46","slug":"no-necesitas-redes-sociales-para-tu-negocio","status":"publish","type":"page","link":"https:\/\/kairossocialmedia.es\/no-necesitas-redes-sociales-para-tu-negocio\/","title":{"rendered":"De todos los que intentan ganar seguidores en sus redes sociales, son pocos los que los convierten en clientes."},"content":{"rendered":"\n<p>Creamos contenido para empresas que quieren convertir seguidores de su instagram en clientes. Y en caso de que quieras hacerlo t\u00fa haz lo que te cuento abajo. <\/p>\n\n\n\n<p>Para vender m\u00e1s.<\/p>\n\n\n\n<p>Nuestros clientes aplican <strong>3 consejos<\/strong> (asquerosamente sencillos) <strong>para ganar dinero de sus comunidades<\/strong>. Si quieres saber m\u00e1s deja el email abajo y te lo cuento.<\/p>\n\n\n\n                <div class=\"ml-embedded\" data-form=\"4R0NW7\"><\/div>\n            \n\n\n\n<p><br>Ah\u00ed fuera hay personas con millones de seguidores ganando 137\u20ac y un bote de crema al mes. <br><br>Tambi\u00e9n hay otras empresas con 4235 seguidores ganando algunos cientos e miles de euros. fuera.<br><br>La \u00fanica diferencia es que unos saben como monetizar su comunidad y otros no.<br><br>Porque imagino que sabes que est\u00e1s a un click de comprar tantos seguidores como quieras, \u00bfno? Eso es una forma maravillosa de alimentar tu ego, pero no a tu familia. <br><br>Eso lo puede hacer cualquiera.<br><br>Y por esa misma raz\u00f3n, no deber\u00edas creer que por tener m\u00e1s seguidores, autom\u00e1ticamente vas a desayunar todos los d\u00edas cereales con <strong>Moet &amp; Chandon.<\/strong><br><br>No va as\u00ed.<br><br>No es tan f\u00e1cil y vas a tener que esforzarte mucho m\u00e1s. <br><br>Pero ojo, que como dicen: \u00abno hay nada peor que un tonto motivado.\u00bb<br><br>No te pongas a grabarte horas, a editar durante d\u00edas y a escribir por varias semanas&#8230; porque esto <strong>no va de cantidad<\/strong>, si no saber enfocarte d\u00f3nde hace falta hacerlo. <br><br>Y es muy probable que puedan interesarte los <strong>3 aspectos m\u00e1s importantes a la hora de convertir tus seguidores en clientes.<\/strong> <br><br>Esto te har\u00e1 ahorrar tiempo y dinero. Te lo env\u00edo al mail si rellenas la cajita de abajo.<\/p>\n\n\n\n<div class=\"wp-block-columns is-layout-flex wp-container-core-columns-is-layout-1 wp-block-columns-is-layout-flex\">\n<div class=\"wp-block-column is-layout-flow wp-block-column-is-layout-flow\" style=\"flex-basis:100%\">\n                <div class=\"ml-embedded\" data-form=\"4R0NW7\"><\/div>\n            \n\n\n\n<p>Y despu\u00e9s de trabajar con <strong>negocios que empezaban de cero<\/strong>, muchos otros ya <strong>consolidados<\/strong> pero terriblemente parados y aburridos y alguna gran <strong>empresas que factura alg\u00fan que otro mill\u00f3n<\/strong>, hemos podido comprobar qu\u00e9 acciones son las m\u00e1s rentables y c\u00f3mo trabajando las redes sociales se puede ser rentable y ganar dinero. <br><br>Eso es exactamente lo que estamos consiguiendo con un centro de depilaci\u00f3n l\u00e1ser que abri\u00f3 sus puertas unos meses antes del verano (la peor \u00e9poca para el sector) pero que a\u00fan as\u00ed, ha <strong>ganado clientes mes a mes<\/strong> y <strong>incrementando la facturaci\u00f3n exponencialmente<\/strong> hasta d\u00eda de hoy. <br><br>Si t\u00fa tambi\u00e9n quieres ser cada vez m\u00e1s <strong>rentable<\/strong> puedes dejar tu email aqu\u00ed abajo para subscribirte a nuestra lista donde semanalmente escribimos sobre <strong>consejos de ventas, de comunicaci\u00f3n<\/strong> y contamos <strong>casos reales<\/strong> de nuestros clientes que <strong>es muy probable que puedan ayudarte en tu negocio<\/strong>, est\u00e9s en el sector que est\u00e9s. <br><\/p>\n\n\n\n                <div class=\"ml-embedded\" data-form=\"4R0NW7\"><\/div>\n            \n\n\n\n<p><strong>\u00bfVendo tornillos, pueden servirme estos consejos a mi tambi\u00e9n?<\/strong><br><br>S\u00cd.<br><br>Adem\u00e1s, apuntarse es gratis, aunque solo con lo que vas a poder aprender de los emails, deber\u00eda ser de pago, la verdad. <br><br>Pero es GRATIS.<\/p>\n\n\n\n<p><strong>\u00bfEsta p\u00e1gina no es un poco rara? No mostr\u00e1is los negocios con los que trabaj\u00e1is ni tampoco ense\u00f1\u00e1is lo que hac\u00e9is. <\/strong><\/p>\n\n\n\n<p>Cierto, no aparecen ni aparecer\u00e1n. Pero si quieres ver ejemplo puedes subscribirte aqu\u00ed abajo y pedirlos respondiendo a alguno de nuestros emails y te los pasar\u00e9 encantado.<\/p>\n\n\n\n                <div class=\"ml-embedded\" data-form=\"4R0NW7\"><\/div>\n            \n\n\n\n<p><strong>\u00bfS\u00f3lo hac\u00e9is gesti\u00f3n de redes sociales?<\/strong><br>No. A parte de hacer de tu instagram un canal de ventas que te haga ganar dinero, hacemos:<br><br>&#8211; <strong>Auditor\u00edas web<\/strong> donde analizamos las p\u00e1ginas m\u00e1s importantes de tu web y la estrategia implementada y nos juntamos a charlar como si de dos amigos se tratara mientras te cuento c\u00f3mo mejorar los textos y qu\u00e9 \u00e1ngulos utilizar para que venda m\u00e1s.<br><br>&#8211; <strong>Mailmarketing <\/strong>donde escribimos emails a tu contactos con el \u00fanico fin de que antes o despu\u00e9s te acaben comprando. (Si piensas que por email no se puede vender, me sabe mal pero est\u00e1s equivocado. Bueno, en realidad no me sabe mal.)<br><br>&#8211; <strong>Asesor\u00eda de comunicaci\u00f3n <\/strong>donde nos reunimos durante un rato y nos haces las preguntas que necesites para mejorar la comunicaci\u00f3n de tu negocio y vender m\u00e1s.<br><br><br>Y f\u00edjate t\u00fa, que has llegado hasta aqu\u00ed y quiz\u00e1s lo primero que has dicho ha sido: <br><br><strong>\u00ab!vaya ko\u00f1azo! que web m\u00e1s fea, ni una foto&#8230;bfff horrible.\u00bb<\/strong><br><br>Y ahora estar\u00e1s diciendo:<\/p>\n\n\n\n<p><strong>\u00abencima no saben escribir, el signo de exclamaci\u00f3n est\u00e1 al rev\u00e9s! &#8211; \u00abKo\u00f1azo\u00bb con \u00abK\u00bb Y me quieren vender sus servicios as\u00ed&#8230;<\/strong><br><br>Y te dir\u00e9 que s\u00ed piensas as\u00ed, podr\u00edamos darte m\u00e1s de 2 razones y media por las que has llegado leyendo hasta tan abajo en esta p\u00e1gina. <br><br>Y esta es una de las razones por las que si quieres que te contemos m\u00e1s acerca de lo que hacemos por nuestros clientes deber\u00edas subscribirte y responder a uno de nuestros emails cont\u00e1ndonos tu problema para que veamos si podemos ayudarte o no.<\/p>\n\n\n\n                <div class=\"ml-embedded\" data-form=\"4R0NW7\"><\/div>\n            \n\n\n\n<p>PD:  te hacemos vender m\u00e1s.<br><br>PD2: creamos contenido para tus redes sociales y te lo gestionamos para conseguir CLIENTES.<\/p>\n<\/div>\n<\/div>\n\n\n\n<p><\/p>\n","protected":false},"excerpt":{"rendered":"<p>Creamos contenido para empresas que quieren convertir seguidores de su instagram en clientes. Y en caso de que quieras hacerlo t\u00fa haz lo que te cuento abajo. Para vender m\u00e1s. Nuestros clientes aplican 3 consejos (asquerosamente sencillos) para ganar dinero de sus comunidades. Si quieres saber m\u00e1s deja el email abajo y te lo cuento. [&hellip;]<\/p>\n","protected":false},"author":1,"featured_media":0,"parent":0,"menu_order":0,"comment_status":"closed","ping_status":"closed","template":"","meta":{"footnotes":""},"class_list":["post-18","page","type-page","status-publish","hentry"],"_links":{"self":[{"href":"https:\/\/kairossocialmedia.es\/no-necesitas-redes-sociales-para-tu-negocio\/wp-json\/wp\/v2\/pages\/18"}],"collection":[{"href":"https:\/\/kairossocialmedia.es\/no-necesitas-redes-sociales-para-tu-negocio\/wp-json\/wp\/v2\/pages"}],"about":[{"href":"https:\/\/kairossocialmedia.es\/no-necesitas-redes-sociales-para-tu-negocio\/wp-json\/wp\/v2\/types\/page"}],"author":[{"embeddable":true,"href":"https:\/\/kairossocialmedia.es\/no-necesitas-redes-sociales-para-tu-negocio\/wp-json\/wp\/v2\/users\/1"}],"replies":[{"embeddable":true,"href":"https:\/\/kairossocialmedia.es\/no-necesitas-redes-sociales-para-tu-negocio\/wp-json\/wp\/v2\/comments?post=18"}],"version-history":[{"count":25,"href":"https:\/\/kairossocialmedia.es\/no-necesitas-redes-sociales-para-tu-negocio\/wp-json\/wp\/v2\/pages\/18\/revisions"}],"predecessor-version":[{"id":89,"href":"https:\/\/kairossocialmedia.es\/no-necesitas-redes-sociales-para-tu-negocio\/wp-json\/wp\/v2\/pages\/18\/revisions\/89"}],"wp:attachment":[{"href":"https:\/\/kairossocialmedia.es\/no-necesitas-redes-sociales-para-tu-negocio\/wp-json\/wp\/v2\/media?parent=18"}],"curies":[{"name":"wp","href":"https:\/\/api.w.org\/{rel}","templated":true}]}}