{"id":3,"date":"2024-09-03T10:58:43","date_gmt":"2024-09-03T10:58:43","guid":{"rendered":"http:\/\/kairossocialmedia.es\/?page_id=3"},"modified":"2025-03-21T20:18:14","modified_gmt":"2025-03-21T20:18:14","slug":"privacy-policy","status":"publish","type":"page","link":"https:\/\/kairossocialmedia.es\/no-necesitas-redes-sociales-para-tu-negocio\/privacy-policy\/","title":{"rendered":"LEGAL"},"content":{"rendered":"\n<p><\/p>\n\n\n\n<p><strong>Titular del sitio web:<\/strong> KAIROS, ESPJ<\/p>\n\n\n\n<p><strong>NIF:<\/strong> E75607739<\/p>\n\n\n\n<p><strong>Domicilio:<\/strong> Calle Escorca 56, 2\u00baA<\/p>\n\n\n\n<p><strong>Correo electr\u00f3nico:<\/strong> hola@kairossocialmedia.es<\/p>\n\n\n\n<p>Al usar este sitio web se entiende que el Usuario (en adelante, \u201ct\u00fa\u201d) ha le\u00eddo, entendido y aceptado \u00edntegramente y sin reservas esta p\u00e1gina y dem\u00e1s avisos o instrucciones que figuran en este sitio web, comprometi\u00e9ndose a hacer un buen uso del mismo conforme a la ley, la moral y el orden p\u00fablico.<\/p>\n\n\n\n<p>Nos reservamos el derecho de modificar en cualquier momento los t\u00e9rminos de este sitio web y dem\u00e1s avisos legales. Si esto te preocupa, te recomendamos revisar esta informaci\u00f3n peri\u00f3dicamente.<\/p>\n\n\n\n<p>En caso de que no est\u00e9s de acuerdo, deber\u00e1s abstenerte de utilizar el sitio web.<\/p>\n\n\n\n<p><strong>Exenci\u00f3n de responsabilidad<\/strong><\/p>\n\n\n\n<p>En este sitio web pueden haber enlaces a sitios web de terceros sobre los que no asumimos responsabilidad.<\/p>\n\n\n\n<p><strong>Propiedad intelectual<\/strong><\/p>\n\n\n\n<p>Est\u00e1 prohibido cualquier uso del contenido de este sitio web sin la autorizaci\u00f3n escrita de KAIROS, ESPJ<\/p>\n\n\n\n<p><strong>Comunicaciones comerciales<\/strong><\/p>\n\n\n\n<p>Si recibes mensajes publicitarios y deseas dejar de hacerlo, sigue las instrucciones indicadas en dichos mensajes o escr\u00edbenos a hola@kairossocialmedia.es<\/p>\n\n\n\n<p><strong>Pol\u00edtica de privacidad<\/strong><\/p>\n\n\n\n<p>Cumplimos con el Reglamento (UE) 2016\/679 del Parlamento Europeo y del Consejo relativo a la protecci\u00f3n de las personas f\u00edsicas.<\/p>\n\n\n\n<p><strong>Responsable del tratamiento<\/strong><\/p>\n\n\n\n<p>Los datos personales recabados a trav\u00e9s de este sitio web ser\u00e1n incorporados a un fichero responsabilidad de KAIROS, ESPJ.<\/p>\n\n\n\n<p><strong>Finalidad del tratamiento<\/strong><\/p>\n\n\n\n<p>Obtenemos los datos personales mediante la recepci\u00f3n de formularios y correos electr\u00f3nicos para:<\/p>\n\n\n\n<p>1. Enviar comunicaciones comerciales relacionadas con los servicios de Kairos  Creative Club<\/p>\n\n\n\n<p>2. Atender la petici\u00f3n de informaci\u00f3n y prestaci\u00f3n de los servicios ofrecidos.<\/p>\n\n\n\n<p><strong>Derechos de los usuarios<\/strong><\/p>\n\n\n\n<p>Puedes ejercer tus derechos de acceso, rectificaci\u00f3n, supresi\u00f3n, oposici\u00f3n, portabilidad y limitaci\u00f3n escribiendo a hola@kairossocialmedia.es<\/p>\n\n\n\n<p><strong>Legislaci\u00f3n aplicable y Fuero<\/strong><\/p>\n\n\n\n<p>La ley aplicable en caso de disputa o conflicto de interpretaci\u00f3n de los t\u00e9rminos ser\u00e1 la ley espa\u00f1ola.<\/p>\n\n\n\n<p>Para la resoluci\u00f3n de cualquier controversia que pudiera surgir con ocasi\u00f3n del uso del sitio web, las partes acuerdan someterse a la jurisdicci\u00f3n de los Juzgados y Tribunales de la ciudad de Palma de Mallorca (Espa\u00f1a).<\/p>\n\n\n\n<p>Y por cierto, si te has le\u00eddo todo esto, posiblemente te parezca mucho m\u00e1s interesante lo que cuento dentro del club. Subscr\u00edbete abajo. <\/p>\n\n\n\n                <div class=\"ml-embedded\" data-form=\"4R0NW7\"><\/div>\n            \n","protected":false},"excerpt":{"rendered":"<p>Titular del sitio web: KAIROS, ESPJ NIF: E75607739 Domicilio: Calle Escorca 56, 2\u00baA Correo electr\u00f3nico: hola@kairossocialmedia.es Al usar este sitio web se entiende que el Usuario (en adelante, \u201ct\u00fa\u201d) ha le\u00eddo, entendido y aceptado \u00edntegramente y sin reservas esta p\u00e1gina y dem\u00e1s avisos o instrucciones que figuran en este sitio web, comprometi\u00e9ndose a hacer un [&hellip;]<\/p>\n","protected":false},"author":1,"featured_media":0,"parent":0,"menu_order":0,"comment_status":"closed","ping_status":"open","template":"","meta":{"footnotes":""},"class_list":["post-3","page","type-page","status-publish","hentry"],"_links":{"self":[{"href":"https:\/\/kairossocialmedia.es\/no-necesitas-redes-sociales-para-tu-negocio\/wp-json\/wp\/v2\/pages\/3"}],"collection":[{"href":"https:\/\/kairossocialmedia.es\/no-necesitas-redes-sociales-para-tu-negocio\/wp-json\/wp\/v2\/pages"}],"about":[{"href":"https:\/\/kairossocialmedia.es\/no-necesitas-redes-sociales-para-tu-negocio\/wp-json\/wp\/v2\/types\/page"}],"author":[{"embeddable":true,"href":"https:\/\/kairossocialmedia.es\/no-necesitas-redes-sociales-para-tu-negocio\/wp-json\/wp\/v2\/users\/1"}],"replies":[{"embeddable":true,"href":"https:\/\/kairossocialmedia.es\/no-necesitas-redes-sociales-para-tu-negocio\/wp-json\/wp\/v2\/comments?post=3"}],"version-history":[{"count":4,"href":"https:\/\/kairossocialmedia.es\/no-necesitas-redes-sociales-para-tu-negocio\/wp-json\/wp\/v2\/pages\/3\/revisions"}],"predecessor-version":[{"id":82,"href":"https:\/\/kairossocialmedia.es\/no-necesitas-redes-sociales-para-tu-negocio\/wp-json\/wp\/v2\/pages\/3\/revisions\/82"}],"wp:attachment":[{"href":"https:\/\/kairossocialmedia.es\/no-necesitas-redes-sociales-para-tu-negocio\/wp-json\/wp\/v2\/media?parent=3"}],"curies":[{"name":"wp","href":"https:\/\/api.w.org\/{rel}","templated":true}]}}